9. What are the prime factors of (v/5)/(y/40)?
2, 7
What are the prime factors of 49/(-3)*(-51)/(-17)*-37?
7, 37
Let m(x) = -x**3 + 10*x**2 + x + 7. Suppose 0 = -5*p + 49 + 1. What are the prime factors of m(p)?
17
Suppose 11 - 269 = -2*o. Suppose -3*y + 0*y = -o. What are the prime factors of y?
43
Suppose -3*j + j - 36 = 0. Let r be j/(-27)*15/2. Suppose -5*x = -r*p - 90, -3*p + 58 = -4*x + 8*x. What are the prime factors of x?
2
Suppose -2*x = 4*x - 198. Suppose 39*n = 40*n - x. List the prime factors of n.
3, 11
Let n(a) = a**3 - 4*a**2 - 6*a + 2. Let q be n(5). Suppose 2*h + 33 = -9*h. List the prime factors of 2/q - 62/h.
2, 5
Let x(o) = o**2 + 17*o - 2. Let c(v) = 2*v**2 + 18*v - 2. Let q(k) = -2*c(k) + 3*x(k). List the prime factors of q(12).
2, 17
Suppose 2*l - 25 = -3*l, 0 = -2*j - l + 35. Suppose -h + 8 = 2*z, 3*h - 5*z = -2*z + j. Suppose -8*d + 124 = -h*d. What are the prime factors of d?
2, 31
Let d = -113 + 117. Suppose -476 = -d*u - 0*u. List the prime factors of u.
7, 17
Let g(k) = k**3 - 10*k**2 + 7*k - 7. Let v be g(9). What are the prime factors of 4/5 + (-1680)/v?
2, 17
Suppose -35*r = -43*r + 2960. List the prime factors of r.
2, 5, 37
Let j be 52/5 + (-4)/10. Let p be (-25 + j)*(-16)/6. Let a = p + -15. List the prime factors of a.
5
Suppose 5*m - 85 - 6230 = 5*j, 3*m - j = 3793. List the prime factors of m.
5, 11, 23
Let f = -230 + 126. Let j = 286 + f. What are the prime factors of j?
2, 7, 13
Suppose 20*b - 48*b + 36120 = 0. What are the prime factors of b?
2, 3, 5, 43
Let h(s) = -8*s + 8. Let m(x) = -x**2. Let q(k) = -h(k) - 3*m(k). List the prime factors of q(-5).
3
Suppose 11179 = 23*a - 15800. List the prime factors of a.
3, 17, 23
Let f(w) be the third derivative of w**5/60 - w**3/6 + 10*w**2. Let r be f(0). List the prime factors of (42/(-49))/(r/14).
2, 3
Let p = -5 + 93. Suppose -3*h + 73 = 2*z, p = 3*h + 7*z - 2*z. What are the prime factors of h?
3, 7
Let x(s) be the third derivative of 5*s**4/12 + s**3 - 9*s**2. Let o(k) = 9*k + 5. Let z(c) = -3*o(c) + 2*x(c). What are the prime factors of z(-3)?
2, 3
Suppose d - 376 = -3*d. Suppose 5*u + 65 = 4*m, 0*u = 5*m - 2*u - d. What are the prime factors of (4/10)/(2/m)?
2
Suppose 5*q + 8*d - 3*d - 1300 = 0, -q + 244 = 5*d. What are the prime factors of q?
2, 3, 11
Let f(r) = r**3 - r**2 + r + 276. Let s be f(0). Let b be s/4 + 0 + 2. Suppose 0 = -v + p + 13, -5*v + 3*p - 4*p = -b. What are the prime factors of v?
2, 7
What are the prime factors of 807*(208/12)/13?
2, 269
Suppose 0 = -j - r + 10 + 14, -2*j - r = -45. Let p = j + -18. Suppose p*n + x - 164 = 0, -4*n + 0*x - x + 219 = 0. What are the prime factors of n?
5, 11
Let k(w) = -70*w - 81. Let j be k(-11). Suppose -11*a = -j - 356. List the prime factors of a.
5, 19
Let x(d) = -d**3 + 10*d**2 - 15*d + 3. Let t be (-20)/70 + 1264/14. Let w be (-20)/t - (-56)/9. What are the prime factors of x(w)?
3, 19
Let u be (-1 + 1)*(0 - -1). Let b = u - -3. Suppose -n = -3*c - 16, 4*n + b*c - 124 = -0*c. List the prime factors of n.
2, 7
Suppose 4*d + 5*y - 117 = 0, -7*d - 3*y + 130 = -2*d. Let q = d - -247. What are the prime factors of q?
2, 3, 5
Let i(g) = 4*g**2 + 16*g - 16. What are the prime factors of i(8)?
2, 23
Suppose 64*o - 3596 = 60*o. What are the prime factors of o?
29, 31
Let s = -19 - -67. Suppose -3*x + b - 3*b = -5, -b + 1 = x. Suppose 2*m = -4*y + s, x*y - 8 = 7. What are the prime factors of m?
2, 7
Let k(g) be the second derivative of g**4/12 - g**3/2 - 8*g**2 + 10*g. List the prime factors of k(8).
2, 3
Let s(c) = c**3 - 3*c**2 - 17*c + 12. List the prime factors of s(8).
2, 7
Let p = -174 - -291. Let h = p + -70. List the prime factors of h.
47
What are the prime factors of 1456 + (-70)/20*2?
3, 7, 23
What are the prime factors of -4 + -1 - (-8 + 8) - -51?
2, 23
Let q = 1 - -3. Suppose -w = q*k + 61, -3*k = 2*k - 4*w + 71. What are the prime factors of 2 - 0 - (k + -2)?
19
Let q(l) = -21*l - 4. Let o be q(-5). Let g = o - 17. List the prime factors of g.
2, 3, 7
Let m(o) = 4*o**3 - 2*o + 1. Let d be (1*2)/(-9 - -11). Let l be m(d). Suppose -5*k = -l*k - 18. List the prime factors of k.
3
Suppose 0 = -s - w + 730, -4*w = 64*s - 61*s - 2190. What are the prime factors of s?
2, 5, 73
Let u = -424 - -1025. What are the prime factors of u?
601
Suppose -1 = -4*t - 73. Let s be t/24 - (-314)/(-8). Let q = 56 + s. List the prime factors of q.
2
Let v be 31*(1 - (-6)/2). Suppose 2*z = 5*x - 239 - v, 2*z = -x + 63. What are the prime factors of x?
71
Let q = -62 - -62. What are the prime factors of (q - -27)*(-33 + 36)?
3
Suppose -3*t - t - 10 = 5*x, t = x + 2. Suppose t*d - 112 = -8*d. List the prime factors of d.
2, 7
Suppose -5*o - 4*r + 8*r = 36, -5*o - 8 = 3*r. Let n be o/16 - 15/4. List the prime factors of -2 - -1 - 4*n.
3, 5
Let n be 3/(-12) - (-50)/8. Suppose -9*l + n*l = 0. Suppose l = -2*j + 4 + 2. List the prime factors of j.
3
Let p be ((-66)/(-24))/((-1)/(-4)). Let m(i) = -i + 5. Let g be m(-4). Let b = p - g. List the prime factors of b.
2
Suppose -5*t = -5*i - 35, -2*i - 2*i = 2*t + 4. Suppose -t*w - 99 = -7*w. List the prime factors of w.
3, 11
Let w be 46 + -4 + (1 - 1). What are the prime factors of 26*1*w/28?
3, 13
Suppose -c + 9*x + 41 = 11*x, -6 = -3*x. What are the prime factors of c?
37
Suppose 2*g - 25 = -3*g. Suppose 5 = -g*u - 5. List the prime factors of (-182)/(-6) + u/(-3).
31
Suppose -531 + 31 = -2*s. Let c = -154 + s. What are the prime factors of c?
2, 3
Let t(w) = 11*w**2 - 31*w - 1. What are the prime factors of t(-6)?
7, 83
Let g(b) = -11*b**2 + b. Let h be g(2). List the prime factors of ((-21)/h)/(2/16).
2
Let o be (9*(-16)/(-60))/((-9)/30). List the prime factors of 6*-1*212/o.
3, 53
Suppose 7*x = 2*x + 20. Suppose 0 = -3*t - 2*o - 2*o + 12, 0 = t - o - x. Suppose -4*q = -0*k - k + 45, 2*q + 208 = t*k. List the prime factors of k.
53
Let s = 1794 + -1636. List the prime factors of s.
2, 79
Let p = -381 + 2148. List the prime factors of p.
3, 19, 31
Let c(y) be the first derivative of y**4/12 + y**3/6 - y**2/2 - 6*y + 5. Let o(x) be the first derivative of c(x). What are the prime factors of o(-4)?
11
What are the prime factors of (2 - 0)*(-12)/(192/(-1528))?
191
Let t = 153 + -153. Suppose -y + 9 + 0 = t. List the prime factors of y.
3
What are the prime factors of 12 + -7 + 5/((-15)/(-9528))?
3181
Suppose -4*y + 5 - 1 = 0, 4*b - 2*y - 1150 = 0. Suppose -x - v + 81 = v, 4*x - 4*v - b = 0. What are the prime factors of x?
3, 5
Let x be 5625/36 - 1/4. Let m = -77 + x. List the prime factors of m.
79
Let h be 453*6*2/12. Suppose -2*g + 740 = 5*v, -5*v - h = -5*g - 1158. What are the prime factors of v?
2, 73
What are the prime factors of (5 + (5 - 32095/7))/(-1)?
3, 5, 61
Let c = 2229 + -1135. List the prime factors of c.
2, 547
Let a(h) = 3*h + 2. Let j be a(0). Suppose -4*q + 4*z + 51 = q, -5*q = j*z - 27. List the prime factors of q.
7
Let o = -30 - -35. Suppose o*q - 447 = 183. What are the prime factors of q?
2, 3, 7
Suppose 2*r = 7 - 29. Let h = r + 30. What are the prime factors of h?
19
Suppose q + 45 - 154 = 0. What are the prime factors of q?
109
Let d = -21 + 27. Suppose -7*c + d*c = -223. Suppose -q = -5*u - 5*q + 231, 5*u + 2*q - c = 0. List the prime factors of u.
43
Let h = -392 - -975. List the prime factors of h.
11, 53
Let c = -11 + -3. Let w be ((-21)/c)/(3/4). What are the prime factors of ((-1)/w)/((-8)/352)?
2, 11
Let a = -4949 + 6939. What are the prime factors of a?
2, 5, 199
Suppose -5*i + 4*q + 3641 = 3*q, -i + 709 = -5*q. What are the prime factors of i?
3
Suppose 3*d + 0 - 4 = -y, -2*y + 4*d + 8 = 0. Suppose 2*r = y, -2*r = -4*w - w + 291. List the prime factors of w.
59
Let d(l) = 3*l - 49. Let h be d(18). Let x = 6 - 4. Suppose -2*i + 6*i - m = 85, 107 = h*i - x*m. What are the prime factors of i?
3, 7
Suppose -5*d = 2*d - 42. Suppose d*m + 23 = -13. Let h = 12 + m. What are the prime factors of h?
2, 3
Let a = 8 + 0. Let f(r) be the first derivative of -r**3/3 + 5*r**2 - 9*r - 3. What are the prime factors of f(a)?
7
Suppose 31*z + 12 = 33*z. Let n(r) = 11*r + 1. Let a(y) = -65*y - 5. Let b(d) = -6*a(d) - 35*n(d). List the prime factors of b(z).
5
Let i(h) = -h**3 + 25*h**2 - 21*h - 41. List the prime factors of i(24).
31
Let z = -5 - -9.